
-395
Let m(r) = 5526*r - 66257. Give m(12).
55
Let q(y) = -151*y + 23481. Determine q(158).
-377
Let r(u) = -u**2 - 49*u + 91680. What is r(279)?
168
Let l(s) = 5*s**3 - 905*s**2 - 6*s + 1465. Give l(181).
379
Let i(r) = -405*r + 6695. What is i(17)?
-190
Let m(v) = -194*v - 3371. Give m(-47).
5747
Let u(g) = -307*g**2 - 79208*g - 566. What is u(-258)?
-50
Let g(j) = j**3 - 180*j**2 + 6264*j - 1968. Give g(133).
-239
Let v(i) = 7*i**2 + 4*i - 21673. Calculate v(-56).
55
Let q(b) = b**3 + 2*b**2 + 3774*b - 7564. What is q(2)?
0
Let l(n) = n**3 + 11*n**2 - 373*n - 104. Calculate l(-26).
-546
Let l(s) = -891*s**2 + 6229*s + 15. Give l(7).
-41
Let t(l) = 2*l**3 + 107*l**2 + 2046*l + 78650. Give t(-49).
5
Let g(o) = 267472*o + 4012089. What is g(-15)?
9
Let b(k) = 3556*k + 113769. What is b(-32)?
-23
Let u(v) = 3*v**3 - 20*v**2 + 134*v + 362. Give u(-2).
-10
Let b(n) = 3020*n + 21594. What is b(-7)?
454
Let r(n) = -n**3 + 2151*n**2 - 34156*n - 8530. What is r(2135)?
10
Let g(c) = 9*c**3 + 6*c**2 + 213*c - 892. Give g(4).
632
Let i(q) = -23008*q + 23000. Give i(1).
-8
Let m(a) = 7025*a + 35115. What is m(-5)?
-10
Let g(t) = -208*t**2 + 446*t + 2166. Determine g(-5).
-5264
Let z(k) = 2*k**3 + 70*k**2 - 195*k - 2422. Calculate z(-11).
5531
Let j(g) = 16*g**3 + 45*g**2 - 156*g + 26. Determine j(3).
395
Let w(c) = -5*c**2 - 394*c - 2522. Calculate w(-71).
247
Let t(k) = -k**2 + 1163*k + 38179. Calculate t(-32).
-61
Let d(v) = -22877*v - 23351. Determine d(-1).
-474
Let i(b) = -3*b**2 - 17453*b - 52341. Determine i(-3).
-9
Let a(z) = -201*z - 19153. What is a(-93)?
-460
Let t(w) = -w**3 - 235*w**2 + 232*w - 950. Calculate t(-236).
-6
Let m(l) = -l**3 - 17*l**2 + 2022*l + 10270. Give m(-5).
-140
Let b(v) = -10*v**3 - 124*v**2 + 123*v + 512. What is b(-13)?
-73
Let y(z) = z**3 + 61*z**2 - 257*z - 922. Give y(6).
-52
Let w(g) = g**3 - 113*g**2 + 118*g - 945. Give w(112).
-273
Let b(l) = 3012*l - 406612. Determine b(135).
8
Let x(u) = 4*u**3 - 219*u**2 + 620*u - 24818. Give x(54).
-86
Let h(k) = -4237*k + 305052. Determine h(72).
-12
Let g(a) = 2*a**3 + 178*a**2 - 172*a + 1331. Give g(-90).
611
Let b(u) = -121*u - 22829. Determine b(-185).
-444
Let a(j) = 3*j**2 - 6*j - 7735. Calculate a(52).
65
Let z(b) = -38*b**2 + 2022*b + 10122. Calculate z(-5).
-938
Let z(q) = 120*q**2 - 1230*q + 306. Calculate z(10).
6
Let p(y) = 2*y**2 - 17917*y + 339680. Calculate p(19).
-21
Let c(w) = -26*w**2 - 1050*w + 602. Calculate c(-41).
-54
Let u(k) = -2*k**2 + 927*k + 56204. Calculate u(-54).
314
Let k(p) = 442*p + 30837. Determine k(-69).
339
Let i(w) = -1360*w - 5388. Calculate i(-3).
-1308
Let x(p) = 315*p + 3552. Give x(-13).
-543
Let x(d) = -59*d**3 - 35057*d**2 - 6531*d + 1786. Calculate x(-594).
4
Let r(t) = t**3 - 56*t**2 - 110*t + 1365. What is r(57)?
-1656
Let v(a) = 234*a - 7744. What is v(33)?
-22
Let f(l) = -36032*l - 144041. What is f(-4)?
87
Let h(z) = -21*z**3 + 199*z**2 + 179*z - 685. Calculate h(10).
5
Let f(h) = -66*h**2 - 36*h + 139. Give f(-5).
-1331
Let y(i) = -i**2 + 1273*i + 89766. Determine y(-67).
-14
Let q(h) = 17*h**2 + 1405*h + 6126. Determine q(-78).
-36
Let a(c) = 1870*c**2 - 149604*c - 138. Give a(80).
-458
Let g(m) = -81*m**2 + 180*m + 1864. What is g(6)?
28
Let g(a) = 5077*a + 380788. Determine g(-75).
13
Let v(m) = -m**2 - 68701*m - 206101. What is v(-3)?
-7
Let n(s) = -10*s**2 + 249*s + 815. Determine n(31).
-1076
Let h(n) = 1216*n - 11891. Calculate h(9).
-947
Let a(z) = -108632*z + 2824399. Determine a(26).
-33
Let z(a) = -2192*a - 563377. Determine z(-257).
-33
Let w(c) = -13176*c - 1027743. Give w(-78).
-15
Let y(c) = -2*c**3 - 186*c**2 + 23642*c + 2204676. What is y(-94)?
0
Let o(j) = -6*j**2 + 2045*j + 153007. Determine o(404).
-109
Let n(f) = -20*f + 1061. Give n(27).
521
Let w(v) = v**3 + 994*v**2 + 113792*v + 6897. Calculate w(-862).
1
Let m(p) = 227*p**2 - 8653*p + 320. Determine m(38).
-706
Let c(s) = 30*s**3 - 200*s**2 + 104*s + 16. Calculate c(6).
-80
Let g(u) = 49049*u - 245176. Calculate g(5).
69
Let z(g) = 25*g**3 - 75*g**2 + 21*g + 55. What is z(1)?
26
Let t(n) = 47*n**3 + n**2 + 11*n - 24. What is t(2)?
378
Let t(s) = -s**3 - 67*s**2 - 217*s - 1554. Calculate t(-64).
46
Let c(j) = -46*j**2 + 169*j + 682. Give c(7).
-389
Let u(g) = 15*g + 461. Give u(10).
611
Let g(u) = 7*u**3 - 8*u**2 - 253*u - 1508. Give g(-6).
-1790
Let x(p) = -3*p**2 + 5689*p - 156939. Give x(28).
1
Let d(a) = -3049*a**2 + 97556*a + 378. Determine d(32).
-6
Let g(a) = -1304*a + 12914. Determine g(10).
-126
Let g(m) = -m**3 - 11*m**2 - 133*m - 1223. Calculate g(-10).
7
Let r(g) = g**2 - 14349*g + 100414. Calculate r(7).
20
Let g(q) = 6*q**3 - 46*q**2 - 326*q + 102. What is g(12)?
-66
Let a(x) = 2*x**3 - 99*x**2 - 24714*x - 5423. What is a(-89)?
6
Let d(a) = 1306*a - 50909. Give d(39).
25
Let v(p) = -p**2 - 6512000*p + 52096068. Determine v(8).
4
Let f(o) = 303497*o - 606989. Determine f(2).
5
Let m(v) = -v**3 + 2*v**2 - 474*v + 2559. Determine m(5).
114
Let p(o) = -o**3 + 122*o**2 - 569*o - 1754. Determine p(117).
118
Let q(r) = 2*r**3 + 19*r**2 - 1029*r - 9281. Determine q(-9).
61
Let q(n) = n**3 + 71*n**2 + 47*n + 8675. Calculate q(-72).
107
Let d(j) = -24*j**2 + 1972*j - 2270. Determine d(81).
-2
Let l(x) = x**3 + 108*x**2 + 1804*x - 1988. Calculate l(-87).
13
Let u(n) = -88982*n + 114. Determine u(0).
114
Let y(t) = 13164*t + 3962372. What is y(-301)?
8
Let i(k) = -9891*k - 89014. What is i(-9)?
5
Let z(a) = -2704*a - 11030. Calculate z(-4).
-214
Let r(t) = -35204*t - 351802. Give r(-10).
238
Let m(s) = 250677*s + 2005522. Give m(-8).
106
Let t(c) = c**3 + 114*c**2 - 342*c + 711. Determine t(-117).
-342
Let v(c) = 746*c**2 - 722*c + 6. Calculate v(1).
30
Let n(r) = -r**3 + 1378*r**2 + 2730*r + 41425. Determine n(1380).
25
Let y(b) = -b**3 - 98*b**2 - 80*b - 17677. Give y(-99).
44
Let g(o) = 8*o**3 + 88*o**2 + 829*o + 83. Determine g(-9).
-6082
Let o(b) = b**3 + 193*b**2 + 1477*b - 549. Give o(-185).
6
Let i(p) = -48*p + 7952. Give i(173).
-352
Let v(q) = 1367*q + 262459. What is v(-192)?
-5
Let n(k) = k**2 - 315*k + 6189. Determine n(21).
15
Let b(w) = w**3 - 9*w**2 - 37*w + 339. Determine b(4).
111
Let m(v) = -2*v**3 + 410*v**2 - 10793*v + 158. Give m(31).
3
Let a(v) = 3503*v - 693610. What is a(198)?
-16
Let f(c) = -3543*c + 74415. Calculate f(21).
12
Let p(s) = -16*s**3 - 207*s**2 - 22*s - 442. What is p(-13)?
13
Let u(f) = 3*f**3 + 159*f**2 + 137*f - 1107. Give u(-52).
-119
Let g(l) = 8*l**2 + 49369*l + 296168. Give g(-6).
242
Let c(x) = x**3 - 244*x**2 + 911*x + 11220. Determine c(240).
-540
Let w(c) = c + 214. Determine w(99).
313
Let c(m) = 8*m**3 + 3*m**2 + 47*m + 142. What is c(-4)?
-510
Let a(w) = -386*w + 6187. Give a(18).
-761
Let j(p) = p**3 - 3*p**2 - 2067*p + 12300. Calculate j(6).
6
Let v(a) = -31631*a**2 - 284678*a - 24. Determine v(-9).
-33
Let x(o) = -40*o**3 - 16000*o**2 + 17*o + 6794. Determine x(-400).
-6
Let i(a) = -a**3 - 10*a**2 + 6132*a + 67349. What is i(-11)?
18
Let b(w) = 285*w - 1722. Give b(9).
843
Let g(i) = 84*i**2 + 60148*i + 2831. Calculate g(-716).
-33
Let l(z) = 907*z + 121534. Calculate l(-134).
-4
Let j(g) = -7*g**3 - 359*g**2 - 1317*g + 21. Calculate j(-4).
-7
Let v(b) = b**3 - 1444*b**2 - 21823*b + 931. Give v(-15).
1
Let d(r) = -222*r - 5406. Determine d(-22).
-522
Let m(z) = 318060*z - 318063. Calculate m(1).
-3
Let p(y) = -y**3 + 163*y**2 + 5*y + 286. Calculate p(163).
1101
Let f(s) = -s**3 + 437*s**2 - 234*s + 102980. Determine f(437).
722
Let y(n) = -30*n**2 - 1954*n - 2139. Determine y(-64).
37
Let j(w) = -3*w**2 + 161*w - 1654. What is j(39)?
62
Let r(z) = -12045*z + 337223. Give r(28).
-37
Let z(u) = 265*u - 15904. Determine z(60).
-4
Let s(d) = d**3 - 253*d**2 + 15850*d - 6500. Give s(112).
-4
Let p(u) = u**3 + 9*u**2 + 2011*u + 20213. What is p(-10)?
3
Let y(u) = -21851*u - 437093. Calculate y(-20).
-73
Let a(b) = -2878*b + 230236. What is a(80)?
-4
Let o(g) = 2237*g - 26949. What is o(12)?
-105
Let c(x) = -3*x**2 - 113*x + 2098. Determine c(30).
-3992
Let h(u) = 423611*u - 2541680. Determine h(6).
-14
Let i(j) = -330*j**3 + j**2 + 8*j - 5. Determine i(1).
-326
Let f(n) = n**3 + 47*n**2 + 102*n - 2190. What is f(-45)?
-2730
Let s(p) = -p**3 + 40*p**2 - 231*p - 267. What is s(34)?
-1185
Let q(c